{"id":3,"date":"2024-01-15T13:10:44","date_gmt":"2024-01-15T13:10:44","guid":{"rendered":"http:\/\/ajur.lt\/?page_id=3"},"modified":"2024-02-13T18:29:18","modified_gmt":"2024-02-13T18:29:18","slug":"privacy-policy","status":"publish","type":"page","link":"https:\/\/ajur.lt\/index.php\/privacy-policy\/","title":{"rendered":"Privatumo politika"},"content":{"rendered":"\t\t<div data-elementor-type=\"wp-page\" data-elementor-id=\"3\" class=\"elementor elementor-3\">\n\t\t\t\t<div class=\"wd-negative-gap elementor-element elementor-element-4a10e57 e-flex e-con-boxed e-con e-parent\" data-id=\"4a10e57\" data-element_type=\"container\">\n\t\t\t\t\t<div class=\"e-con-inner\">\n\t\t\t\t<div class=\"elementor-element elementor-element-be873b3 color-scheme-inherit text-left elementor-widget elementor-widget-text-editor\" data-id=\"be873b3\" data-element_type=\"widget\" data-widget_type=\"text-editor.default\">\n\t\t\t\t<div class=\"elementor-widget-container\">\n\t\t\t\t\t\t\t\t\t<h2>Privatumo politika<\/h2>\n<p><strong>Bendra informacija<\/strong> <br \/>UAB &#8222;&#8230;&#8221; gerbia savo Lankytoj\u0173 ir Pirk\u0117j\u0173 privatum\u0105, tod\u0117l garantuojame, kad \u0161ioje internetin\u0117je parduotuv\u0117je J\u016bs\u0173 pateikta informacija naudojama ir laikoma saugiai. Ta\u010diau prie\u0161 darydami u\u017esakym\u0105 perskaitykite \u0161ias taisykles, kad v\u0117liau nekilt\u0173 nesusipratim\u0173. UAB &#8222;&#8230;&#8221; pasilieka teis\u0119 bet kuriuo metu \u0161ias Taisykles keisti, tod\u0117l kaskart naudodamiesi \u0161iuo tinklapiu turite i\u0161 naujo jas perskaityti. Naudodamiesi \u0161ios elektronin\u0117s parduotuv\u0117s teikiamomis paslaugomis J\u016bs patvirtinate, kad sutinkate laikytis \u0161i\u0173 Taisykli\u0173<\/p>\n<p><strong>Renkama informacija<\/strong> <br \/>Visi m\u016bs\u0173 Pirk\u0117jai yra vienodai svarb\u016bs! Ta\u010diau tokia informacija kaip J\u016bs\u0173 vardas, pavard\u0117, adresas, elektroninis pa\u0161to adresas, telefono numeris, reikalinga tam, kad gal\u0117tume patvirtinti J\u016bs\u0173 u\u017esakym\u0105 ir laiku j\u012f pagaminti bei pristatyti tinkamu adresu. Mes nesudarin\u0117jame joki\u0173 klient\u0173 s\u0105ra\u0161\u0173 ir neperduodame j\u0173 tretiesiems asmenims, kurie nesusij\u0119 su J\u016bs\u0173 u\u017esakymu. Surinkta J\u016bs\u0173 asmenin\u0117 informacija lieka pas mus. \u0160i\u0105 informacij\u0105 naudojame siekdami teikti paslaugas, jas palaikyti \u2013 pristatyti Jums prekes, susisiekti su Jumis d\u0117l u\u017esakym\u0173 ar kit\u0173 i\u0161kilusi\u0173 klausim\u0173, pristatant naujienas ar i\u0161ra\u0161ant PVM s\u0105skait\u0105-fakt\u016br\u0105 ir pan. Mes nesidalijame J\u016bs\u0173 asmenine informacija su \u012fmon\u0117mis ar asmenimis, i\u0161skyrus tam tikrus, \u010dia pateiktus atvejus. Nor\u0117dami \u012fvykdyti tam tikrus b\u016btinus veiksmus &#8211; pristati u\u017esakymus, u\u017eskaityti kredito korteli\u0173 apmok\u0117jimus (pvz. mok\u0117jimai.lt). Visa asmenin\u0117 Pirk\u0117jo informacija tvarkoma remiantis galiojan\u010diais \u012fstatymais ir teis\u0117s aktais. Be J\u016bs\u0173 sutikimo J\u016bs\u0173 asmeniniai duomenys nebus naudojami kitais nei i\u0161vardintais tikslais, nebent to reikalaus galiojantys \u012fstatymai ar teis\u0117s aktai. Pirk\u0117jas pateikdamas mums savo asmeninius duomenis sutinka, kad mes galime rinkti, naudoti ir atskleisti asmens duomenis auk\u0161\u010diau i\u0161vardytais tikslais.<\/p>\n<p><strong>Duomen\u0173 apsauga<\/strong> <br \/>UAB &#8222;&#8230;&#8221; elektronin\u0117 parduotuv\u0117 stengiasi, kad J\u016bs\u0173 pateikti asmeniniai duomenys b\u016bt\u0173 saug\u016bs. UAB &#8222;&#8230;&#8221; visada stengiasi apsaugoti informacij\u0105 nuo neteis\u0117tos prieigos, neteis\u0117to jos pakeitimo, atskleidimo ar sunaikinimo. Atkreipiame d\u0117mes\u012f, kad mes niekada nepra\u0161ome elektroniniuose lai\u0161kuose nurodyti slapta\u017eod\u017eio. Pirk\u0117jas atsakingas u\u017e savo s\u0105skaitos informacijos ir slapta\u017eod\u017eio slaptum\u0105. Visi kiti J\u016bs\u0173 asmeniniai duomenys, yra saugomi, mes imam\u0117s atitinkam\u0173 fizini\u0173, elektronini\u0173 ir valdymo priemoni\u0173 apsaugoti renkamai informacijai.<\/p>\n<p><strong>Privatumo politikos pakeitimai<\/strong> <br \/>UAB &#8222;&#8230;&#8221; turi teis\u0119 keisti \u0161i\u0105 privatumo politik\u0105. Tolimesnis naudojimasis m\u016bs\u0173 tinklapio paslaugomis rei\u0161kia \u0161i\u0173 taisykli\u0173 laikym\u0105si. Visi i\u0161kil\u0119 nesutarimai ir gin\u010dai sprend\u017eiami derybu b\u016bdu. Nepavykus susitarti, gin\u010dai sprend\u017eiami pagal LR \u012fstatymus.<\/p>\t\t\t\t\t\t\t\t<\/div>\n\t\t\t\t<\/div>\n\t\t\t\t\t<\/div>\n\t\t\t\t<\/div>\n\t\t\t\t<\/div>\n\t\t","protected":false},"excerpt":{"rendered":"<p>Privatumo politika Bendra informacija UAB &#8222;&#8230;&#8221; gerbia savo Lankytoj\u0173 ir Pirk\u0117j\u0173 privatum\u0105, tod\u0117l garantuojame, kad \u0161ioje internetin\u0117je parduotuv\u0117je J\u016bs\u0173 pateikta<\/p>\n","protected":false},"author":1,"featured_media":0,"parent":0,"menu_order":0,"comment_status":"closed","ping_status":"closed","template":"","meta":{"footnotes":""},"class_list":["post-3","page","type-page","status-publish","hentry"],"_links":{"self":[{"href":"https:\/\/ajur.lt\/index.php\/wp-json\/wp\/v2\/pages\/3","targetHints":{"allow":["GET"]}}],"collection":[{"href":"https:\/\/ajur.lt\/index.php\/wp-json\/wp\/v2\/pages"}],"about":[{"href":"https:\/\/ajur.lt\/index.php\/wp-json\/wp\/v2\/types\/page"}],"author":[{"embeddable":true,"href":"https:\/\/ajur.lt\/index.php\/wp-json\/wp\/v2\/users\/1"}],"replies":[{"embeddable":true,"href":"https:\/\/ajur.lt\/index.php\/wp-json\/wp\/v2\/comments?post=3"}],"version-history":[{"count":7,"href":"https:\/\/ajur.lt\/index.php\/wp-json\/wp\/v2\/pages\/3\/revisions"}],"predecessor-version":[{"id":16132,"href":"https:\/\/ajur.lt\/index.php\/wp-json\/wp\/v2\/pages\/3\/revisions\/16132"}],"wp:attachment":[{"href":"https:\/\/ajur.lt\/index.php\/wp-json\/wp\/v2\/media?parent=3"}],"curies":[{"name":"wp","href":"https:\/\/api.w.org\/{rel}","templated":true}]}}