{"id":15690,"date":"2024-01-28T21:39:17","date_gmt":"2024-01-28T21:39:17","guid":{"rendered":"https:\/\/ajur.lt\/?post_type=product&#038;p=15690"},"modified":"2024-07-04T10:28:26","modified_gmt":"2024-07-04T10:28:26","slug":"sampunas-sesa-svogunai-pazeistiems-plaukams","status":"publish","type":"product","link":"https:\/\/ajur.lt\/index.php\/product\/sampunas-sesa-svogunai-pazeistiems-plaukams\/","title":{"rendered":"\u0160amp\u016bnas Sesa su Svog\u016bnais pa\u017eeistiems plaukams, 300ml"},"content":{"rendered":"<p>\u0160is sertifikuotas ajurvedinis \u0161amp\u016bnas yra gydomasis \u0161amp\u016bnas, pagamintas i\u0161 Bhringraj, Onion ir 6 Ajurvedos \u017eoleli\u0173, kurios padeda suma\u017einti plauk\u0173 slinkim\u0105, apsaugo nuo galiuk\u0173 skilin\u0117jimo ir pagerina plauk\u0173 blizges\u012f bei \u0161velnum\u0105. JOKI\u0172 PARABEN\u0172 IR BE MINERALINI\u0172 ALIEJ\u0172.<\/p>\n<p><strong>Pagrindiniai privalumai:<\/strong><\/p>\n<ul>\n<li>Padeda suma\u017einti plauk\u0173 slinkim\u0105 ir pagreitinti plauk\u0173 augim\u0105<\/li>\n<li>Padeda suvaldyti pleiskanas<\/li>\n<li>Padeda i\u0161vengti galvos odos infekcij\u0173 gerinant galvos odos sveikat\u0105<\/li>\n<li>Padaro plaukus \u0161velnesnius ir \u017evilgan\u010dius<\/li>\n<\/ul>\n<p><strong>Naudojimo instrukcijos:<\/strong><\/p>\n<p>Sudr\u0117kinkite plaukus \u0161iltu vandeniu. Paimkite nedidel\u012f kiek\u012f \u0161amp\u016bno ir tolygiai paskirstykite ant dr\u0117gn\u0173 plauk\u0173 ir galvos odos. \u0160velniai masa\u017euokite galvos od\u0105 sukamaisiais judesiais, kol susidarys putos. Gerai i\u0161skalaukite plaukus \u0161iltu vandeniu. Pakartokite, jei reikia. Naudokite \u0161amp\u016bn\u0105 reguliariai, siekiant geriausi\u0173 rezultat\u0173.<\/p>\n<p>Sud\u0117tis: Bhringraj (eclipta alba) Wh.Pl 5%, Brahmi (bacopa monnieri) Wh.Pl 2%, Yashtimadhu (glycyrrhiza glabra) Rt. 1%, Neem (azadirachta indica) Sd. 1%, Karanj (pongamia glabra) Sd. 1%, Amla (emblica officinalis) kun. P. 1%, Ghrit Kumari (aloe barbadensis) Lf. 1%, svog\u016bn\u0173 aliejus ekst. 0,1%, migdol\u0173 aliejus 0,05%, alyvuogi\u0173 aliejus 0,05%, graikini\u0173 rie\u0161ut\u0173 aliejus 0,02%, bazinis Q.S. | Konservantas: metilchlorizotiazolinonas, metilizotiazolinonas | Spalva CI Nr. 19140, 42090 | Prid\u0117tas kvapas Indikacija: Keshya<\/p>\n","protected":false},"excerpt":{"rendered":"<p>\u0160is sertifikuotas ajurvedinis \u0161amp\u016bnas yra gydomasis \u0161amp\u016bnas, pagamintas i\u0161 Bhringraj, Svog\u016bno ir 6 Ajurvedos \u017eoleli\u0173, kurios padeda suma\u017einti plauk\u0173 slinkim\u0105, apsaugo nuo galiuk\u0173 skilin\u0117jimo ir pagerina plauk\u0173 blizges\u012f bei \u0161velnum\u0105. JOKI\u0172 PARABEN\u0172 IR BE MINERALINI\u0172 ALIEJ\u0172.<\/p>\n","protected":false},"featured_media":15691,"comment_status":"open","ping_status":"closed","template":"","meta":[],"product_brand":[],"product_cat":[103],"product_tag":[],"class_list":{"0":"post-15690","1":"product","2":"type-product","3":"status-publish","4":"has-post-thumbnail","6":"product_cat-ajurvediniai-sampunai","8":"first","9":"outofstock","10":"shipping-taxable","11":"purchasable","12":"product-type-simple"},"_links":{"self":[{"href":"https:\/\/ajur.lt\/index.php\/wp-json\/wp\/v2\/product\/15690","targetHints":{"allow":["GET"]}}],"collection":[{"href":"https:\/\/ajur.lt\/index.php\/wp-json\/wp\/v2\/product"}],"about":[{"href":"https:\/\/ajur.lt\/index.php\/wp-json\/wp\/v2\/types\/product"}],"replies":[{"embeddable":true,"href":"https:\/\/ajur.lt\/index.php\/wp-json\/wp\/v2\/comments?post=15690"}],"version-history":[{"count":5,"href":"https:\/\/ajur.lt\/index.php\/wp-json\/wp\/v2\/product\/15690\/revisions"}],"predecessor-version":[{"id":16455,"href":"https:\/\/ajur.lt\/index.php\/wp-json\/wp\/v2\/product\/15690\/revisions\/16455"}],"wp:featuredmedia":[{"embeddable":true,"href":"https:\/\/ajur.lt\/index.php\/wp-json\/wp\/v2\/media\/15691"}],"wp:attachment":[{"href":"https:\/\/ajur.lt\/index.php\/wp-json\/wp\/v2\/media?parent=15690"}],"wp:term":[{"taxonomy":"product_brand","embeddable":true,"href":"https:\/\/ajur.lt\/index.php\/wp-json\/wp\/v2\/product_brand?post=15690"},{"taxonomy":"product_cat","embeddable":true,"href":"https:\/\/ajur.lt\/index.php\/wp-json\/wp\/v2\/product_cat?post=15690"},{"taxonomy":"product_tag","embeddable":true,"href":"https:\/\/ajur.lt\/index.php\/wp-json\/wp\/v2\/product_tag?post=15690"}],"curies":[{"name":"wp","href":"https:\/\/api.w.org\/{rel}","templated":true}]}}