{"id":16663,"date":"2025-03-18T18:33:05","date_gmt":"2025-03-18T18:33:05","guid":{"rendered":"https:\/\/ajur.lt\/?post_type=product&#038;p=16663"},"modified":"2025-03-18T19:04:15","modified_gmt":"2025-03-18T19:04:15","slug":"brahmi-bacopa-monnieri-papildas-60-tab","status":"publish","type":"product","link":"https:\/\/ajur.lt\/index.php\/product\/brahmi-bacopa-monnieri-papildas-60-tab\/","title":{"rendered":"Brahmi (Bacopa monnieri), 60 tab."},"content":{"rendered":"<p><strong>Brahmi<\/strong> \u2013 tai nat\u016bralus ajurvedinis papildas, pagamintas i\u0161 Bacopa monnieri augalo, kuris \u0161imtme\u010dius naudojamas tradicin\u0117je Indijos medicinoje. \u0160is papildas padeda pagerinti kognityvines funkcijas, atmint\u012f ir koncentracij\u0105, taip pat suma\u017einti stres\u0105 ir nerim\u0105. Idealus tiems, kurie siekia palaikyti nerv\u0173 sistemos sveikat\u0105 ir psichin\u012f balans\u0105.<\/p>\n<h3><strong>Pagrindin\u0117s savyb\u0117s<\/strong>:<\/h3>\n<ul>\n<li><strong>Pagerina atmint\u012f ir mokymosi geb\u0117jimus<\/strong>: Brahmi stimuliuoja smegen\u0173 veikl\u0105 ir padeda sustiprinti kognityvines funkcijas.<\/li>\n<li><strong>Ma\u017eina stres\u0105 ir nerim\u0105<\/strong>: Nat\u016braliai ramina nerv\u0173 sistem\u0105, padeda atsipalaiduoti ir suma\u017einti nerimo simptomus.<\/li>\n<li><strong>Antidepresantinis poveikis<\/strong>: Padeda pagerinti nuotaik\u0105 ir emocin\u0119 b\u016bsen\u0105.<\/li>\n<li><strong>Antioksidantinis poveikis<\/strong>: Apsaugo l\u0105steles nuo laisv\u0173j\u0173 radikal\u0173 poveikio.<\/li>\n<li><strong>Palaiko nerv\u0173 sistemos sveikat\u0105<\/strong>: Skatina neuron\u0173 regeneracij\u0105 ir apsaugo nuo neurodegeneracini\u0173 lig\u0173.<\/li>\n<\/ul>\n","protected":false},"excerpt":{"rendered":"<h5>Brahmi papildai, 60 table\u010di\u0173<\/h5>\n<p>Brahmi \u2013 nat\u016bralus ajurvedinis papildas, padedantis pagerinti atmint\u012f, koncentracij\u0105 ir suma\u017einti stres\u0105. Puikus pasirinkimas nerv\u0173 sistemos sveikatai<\/p>\n","protected":false},"featured_media":0,"comment_status":"closed","ping_status":"closed","template":"","meta":[],"product_brand":[],"product_cat":[92],"product_tag":[],"class_list":{"0":"post-16663","1":"product","2":"type-product","3":"status-publish","5":"product_cat-ajurvediniai-papildai","7":"first","8":"instock","9":"shipping-taxable","10":"purchasable","11":"product-type-simple"},"_links":{"self":[{"href":"https:\/\/ajur.lt\/index.php\/wp-json\/wp\/v2\/product\/16663","targetHints":{"allow":["GET"]}}],"collection":[{"href":"https:\/\/ajur.lt\/index.php\/wp-json\/wp\/v2\/product"}],"about":[{"href":"https:\/\/ajur.lt\/index.php\/wp-json\/wp\/v2\/types\/product"}],"replies":[{"embeddable":true,"href":"https:\/\/ajur.lt\/index.php\/wp-json\/wp\/v2\/comments?post=16663"}],"version-history":[{"count":4,"href":"https:\/\/ajur.lt\/index.php\/wp-json\/wp\/v2\/product\/16663\/revisions"}],"predecessor-version":[{"id":16667,"href":"https:\/\/ajur.lt\/index.php\/wp-json\/wp\/v2\/product\/16663\/revisions\/16667"}],"wp:attachment":[{"href":"https:\/\/ajur.lt\/index.php\/wp-json\/wp\/v2\/media?parent=16663"}],"wp:term":[{"taxonomy":"product_brand","embeddable":true,"href":"https:\/\/ajur.lt\/index.php\/wp-json\/wp\/v2\/product_brand?post=16663"},{"taxonomy":"product_cat","embeddable":true,"href":"https:\/\/ajur.lt\/index.php\/wp-json\/wp\/v2\/product_cat?post=16663"},{"taxonomy":"product_tag","embeddable":true,"href":"https:\/\/ajur.lt\/index.php\/wp-json\/wp\/v2\/product_tag?post=16663"}],"curies":[{"name":"wp","href":"https:\/\/api.w.org\/{rel}","templated":true}]}}